{"id":2473,"date":"2025-12-18T18:57:22","date_gmt":"2025-12-18T17:57:22","guid":{"rendered":"https:\/\/rawa-kanu.de\/rawa2016\/?post_type=tribe_events&#038;p=2473"},"modified":"2025-12-28T18:55:23","modified_gmt":"2025-12-28T17:55:23","slug":"weserberglandrallye","status":"publish","type":"tribe_events","link":"https:\/\/rawa-kanu.de\/rawa2016\/termin\/weserberglandrallye\/","title":{"rendered":"42. Int. Weserberglandrallye"},"content":{"rendered":"<p>Die Weserberglandrallye ist eine Verbandsfahrt des KV Nordrhein-Westfalen und LKV Niedersachsen, ausgerichtet vom KK Minden und Rintelner KC.<br \/>\nSie f\u00fchrt durch das malerische Weserbergland und z\u00e4hlt mit mehreren Hundert Teilnehmern j\u00e4hrlich zu den gr\u00f6\u00dften deutschen Wanderfahrertreffen.<\/p>\n<p>05.09.2026 Hameln &#8211; Minden<br \/>\nVerbandsfahrt KV Nordrhein-Westfalen e.V. und LKV Niedersachens e.V.<br \/>\nAusrichter Kanu-Klub Minden e.V. und Rintelner Kanu-Club e.V.<br \/>\nDie Rallye findet auf der Weser statt. Sie ist frei f\u00fcr alle Bootsklassen (Kanus, Kajaks, SUP und Ruderboote).<br \/>\nStrecken:<br \/>\nGold (67 km): Start in Hameln, Pionier\u00fcbungsplatz, Fischbecker Landstra\u00dfe (B 83), rechtes Ufer, Start 8 Uhr.<br \/>\nSilber (41 km): Start in Rinteln, Parkplatz unter der Weserbr\u00fccke, rechtes Ufer, Start 9 Uhr.<br \/>\nBronze (21 km): Start in Vlotho, Schiffsanleger, linkes Ufer, Start beliebig.<br \/>\nZielort f\u00fcr alle Strecken ist der Rallye-Zeltplatz beim Kanu-Klub Minden, rechtes Ufer, km 203,5 &#8211; Zielzeit ist 16:00 Uhr<br \/>\nZeltplatz: Im Bereich Kanu-Klub Minden, Br\u00fcckenkopf 12, 32423 Minden.<br \/>\nPlatzreservierungen sind zwingend erforderlich. Infos zu Startgeb\u00fchren und aktuelle Hinweise gibt\u00b4s auf der Homepage.<\/p>\n<p>Anmeldung + Info:<br \/>\nFriedhelm Kinkelbur<br \/>\nt 0175\/4425029<br \/>\nf.kinkelbur@kanu-klub-minden.de<br \/>\nwww.tinyurl.com\/Weserberglandrallye<\/p>\n","protected":false},"excerpt":{"rendered":"<p>Die Weserberglandrallye ist eine Verbandsfahrt des KV Nordrhein-Westfalen und LKV&#8230; <\/p>\n","protected":false},"author":3,"featured_media":0,"template":"","meta":{"_tribe_events_status":"","_tribe_events_status_reason":"","footnotes":""},"tags":[],"tribe_events_cat":[],"class_list":["post-2473","tribe_events","type-tribe_events","status-publish","hentry"],"_links":{"self":[{"href":"https:\/\/rawa-kanu.de\/rawa2016\/wp-json\/wp\/v2\/tribe_events\/2473","targetHints":{"allow":["GET"]}}],"collection":[{"href":"https:\/\/rawa-kanu.de\/rawa2016\/wp-json\/wp\/v2\/tribe_events"}],"about":[{"href":"https:\/\/rawa-kanu.de\/rawa2016\/wp-json\/wp\/v2\/types\/tribe_events"}],"author":[{"embeddable":true,"href":"https:\/\/rawa-kanu.de\/rawa2016\/wp-json\/wp\/v2\/users\/3"}],"version-history":[{"count":3,"href":"https:\/\/rawa-kanu.de\/rawa2016\/wp-json\/wp\/v2\/tribe_events\/2473\/revisions"}],"predecessor-version":[{"id":2503,"href":"https:\/\/rawa-kanu.de\/rawa2016\/wp-json\/wp\/v2\/tribe_events\/2473\/revisions\/2503"}],"wp:attachment":[{"href":"https:\/\/rawa-kanu.de\/rawa2016\/wp-json\/wp\/v2\/media?parent=2473"}],"wp:term":[{"taxonomy":"post_tag","embeddable":true,"href":"https:\/\/rawa-kanu.de\/rawa2016\/wp-json\/wp\/v2\/tags?post=2473"},{"taxonomy":"tribe_events_cat","embeddable":true,"href":"https:\/\/rawa-kanu.de\/rawa2016\/wp-json\/wp\/v2\/tribe_events_cat?post=2473"}],"curies":[{"name":"wp","href":"https:\/\/api.w.org\/{rel}","templated":true}]}}

<p>Die Weserberglandrallye ist eine Verbandsfahrt des KV Nordrhein-Westfalen und LKV Niedersachsen, ausgerichtet vom KK Minden und Rintelner KC.<br />
Sie führt durch das malerische Weserbergland und zählt mit mehreren Hundert Teilnehmern jährlich zu den größten deutschen Wanderfahrertreffen.</p>
<p>05.09.2026 Hameln &#8211; Minden<br />
Verbandsfahrt KV Nordrhein-Westfalen e.V. und LKV Niedersachens e.V.<br />
Ausrichter Kanu-Klub Minden e.V. und Rintelner Kanu-Club e.V.<br />
Die Rallye findet auf der Weser statt. Sie ist frei für alle Bootsklassen (Kanus, Kajaks, SUP und Ruderboote).<br />
Strecken:<br />
Gold (67 km): Start in Hameln, Pionierübungsplatz, Fischbecker Landstraße (B 83), rechtes Ufer, Start 8 Uhr.<br />
Silber (41 km): Start in Rinteln, Parkplatz unter der Weserbrücke, rechtes Ufer, Start 9 Uhr.<br />
Bronze (21 km): Start in Vlotho, Schiffsanleger, linkes Ufer, Start beliebig.<br />
Zielort für alle Strecken ist der Rallye-Zeltplatz beim Kanu-Klub Minden, rechtes Ufer, km 203,5 &#8211; Zielzeit ist 16:00 Uhr<br />
Zeltplatz: Im Bereich Kanu-Klub Minden, Brückenkopf 12, 32423 Minden.<br />
Platzreservierungen sind zwingend erforderlich. Infos zu Startgebühren und aktuelle Hinweise gibt´s auf der Homepage.</p>
<p>Anmeldung + Info:<br />
Friedhelm Kinkelbur<br />
t 0175/4425029<br />
f.kinkelbur@kanu-klub-minden.de<br />
www.tinyurl.com/Weserberglandrallye</p>
