{"id":1829,"date":"2022-11-11T20:11:18","date_gmt":"2022-11-11T19:11:18","guid":{"rendered":"https:\/\/rawa-kanu.de\/rawa2016\/?post_type=tribe_events&#038;p=1829"},"modified":"2022-11-11T20:11:18","modified_gmt":"2022-11-11T19:11:18","slug":"filmnachmittag-im-bootshaus-mkv-muelheim","status":"publish","type":"tribe_events","link":"https:\/\/rawa-kanu.de\/rawa2016\/termin\/filmnachmittag-im-bootshaus-mkv-muelheim\/","title":{"rendered":"Filmnachmittag im Bootshaus MKV M\u00fclheim"},"content":{"rendered":"<p>Filmnachmittag im Bootshaus MKV M\u00fclheim<br \/>\nMendener Stra\u00dfe 70<br \/>\n45470 M\u00fclheim<\/p>\n<p>Gerhard Noll zeigt Filme von Kurt Grelling.<br \/>\nBeginn: 17:00 Uhr<br \/>\nKostenbeitrag: 2,00 \u20ac pro Person<\/p>\n","protected":false},"excerpt":{"rendered":"<p>Filmnachmittag im Bootshaus MKV M\u00fclheim Mendener Stra\u00dfe 70 45470 M\u00fclheim&#8230; <\/p>\n","protected":false},"author":3,"featured_media":0,"template":"","meta":{"_tribe_events_status":"","_tribe_events_status_reason":"","footnotes":""},"tags":[],"tribe_events_cat":[],"class_list":["post-1829","tribe_events","type-tribe_events","status-publish","hentry"],"_links":{"self":[{"href":"https:\/\/rawa-kanu.de\/rawa2016\/wp-json\/wp\/v2\/tribe_events\/1829","targetHints":{"allow":["GET"]}}],"collection":[{"href":"https:\/\/rawa-kanu.de\/rawa2016\/wp-json\/wp\/v2\/tribe_events"}],"about":[{"href":"https:\/\/rawa-kanu.de\/rawa2016\/wp-json\/wp\/v2\/types\/tribe_events"}],"author":[{"embeddable":true,"href":"https:\/\/rawa-kanu.de\/rawa2016\/wp-json\/wp\/v2\/users\/3"}],"version-history":[{"count":1,"href":"https:\/\/rawa-kanu.de\/rawa2016\/wp-json\/wp\/v2\/tribe_events\/1829\/revisions"}],"predecessor-version":[{"id":1830,"href":"https:\/\/rawa-kanu.de\/rawa2016\/wp-json\/wp\/v2\/tribe_events\/1829\/revisions\/1830"}],"wp:attachment":[{"href":"https:\/\/rawa-kanu.de\/rawa2016\/wp-json\/wp\/v2\/media?parent=1829"}],"wp:term":[{"taxonomy":"post_tag","embeddable":true,"href":"https:\/\/rawa-kanu.de\/rawa2016\/wp-json\/wp\/v2\/tags?post=1829"},{"taxonomy":"tribe_events_cat","embeddable":true,"href":"https:\/\/rawa-kanu.de\/rawa2016\/wp-json\/wp\/v2\/tribe_events_cat?post=1829"}],"curies":[{"name":"wp","href":"https:\/\/api.w.org\/{rel}","templated":true}]}}

Filmnachmittag im Bootshaus MKV Mülheim

<p>Filmnachmittag im Bootshaus MKV Mülheim<br />
Mendener Straße 70<br />
45470 Mülheim</p>
<p>Gerhard Noll zeigt Filme von Kurt Grelling.<br />
Beginn: 17:00 Uhr<br />
Kostenbeitrag: 2,00 € pro Person</p>

<p>Filmnachmittag im Bootshaus MKV Mülheim Mendener Straße 70 45470 Mülheim&#8230; </p>
